git of 3248/44 - z/11?
4
Let j(x) = 3*x + 43. Let m be j(-13). What is the tens digit of (-28)/4 + m - -245?
4
Let i(v) = -6*v + 19. Let n be i(6). Let s = n - -83. What is the tens digit of s?
6
Let s(u) = 18*u**2 + 2*u + 5. What is the tens digit of s(-2)?
7
Let h(v) = 4*v - 22. Let k be h(6). What is the units digit of -5 - -267 - (-1 + k + -1)?
2
Let z = -7121 + 11519. What is the tens digit of z?
9
What is the hundreds digit of (34/8)/((-13)/(-468))?
1
Let d be (-40)/(-14) - 9/(-63). Suppose 5*v - d*n = -0*n + 28, 0 = 4*v - 5*n - 25. What is the units digit of v?
5
Let i = 105 + 519. What is the units digit of i?
4
Suppose 0 = -4*l + 8, 15*r - 5*l = 13*r + 580. What is the units digit of r?
5
Suppose 39*w + 10 = 44*w. Let v = -8 - -12. Suppose -4*g + 27 + 73 = -v*b, 10 = -w*b. What is the tens digit of g?
2
Let r = 766 + -510. What is the tens digit of r?
5
Suppose 0 = 3*n - 4 - 2. What is the hundreds digit of -1*(2 + -3)*53*n?
1
Suppose 0 = -2*p - 3*p - 140. Let l = -63 - p. Let g = -25 - l. What is the units digit of g?
0
Let y(g) = 85*g**2 + 21*g + 13. What is the units digit of y(-8)?
5
Let a be (-1)/(1 - 2) - 2. Suppose 0 = 3*d + 2*h - 92, 3*d = -5*h - 44 + 148. What is the tens digit of (-3 + d)*a/(-1)?
2
Let f = 19 + 1. Let z = 42 - -18. Let m = z - f. What is the units digit of m?
0
Suppose -47 = -3*w + 655. What is the tens digit of w?
3
Let t = 1515 - -1498. What is the thousands digit of t?
3
Let m = 120 - -342. Suppose -o = u - 245, 3*o = -5*u + 767 + m. Suppose u + 121 = 8*y. What is the units digit of y?
6
Let n(f) = 5*f + 17. Let y be n(-3). Let w = 21 - 15. Suppose w*o - 164 = y*o. What is the units digit of o?
1
Let w = -9 + 18. Suppose s + w - 59 = 0. Suppose 6*t - t - s = 0. What is the tens digit of t?
1
What is the tens digit of (-3140)/(-6) + -2 - 50/(-30)?
2
Let o(t) = t**3 + 17*t**2 + 14*t + 4. Let q be 40/3*(-48)/40. What is the units digit of o(q)?
6
Let a(r) = -r**3 - 5*r**2 - 11. What is the hundreds digit of a(-8)?
1
Suppose 468 = c - 110. What is the tens digit of c?
7
Suppose 24*u - 26323 = 13*u. What is the tens digit of u?
9
Let v = -1062 - -2474. What is the hundreds digit of v?
4
Suppose -23 = -3*v + 40. Let d = -19 + v. Let n(h) = 7*h**3 - 3*h**2 + 4*h - 3. What is the tens digit of n(d)?
4
Suppose 0 = 5*o + k + 101, -k + 3*k = o + 29. Let i = 43 + o. Suppose 5*m + 3*l + l - i = 0, -5*m + l + 7 = 0. What is the units digit of m?
2
Let i = -9 - -13. Let s = i + -1. Suppose s*z - 68 = -z. What is the tens digit of z?
1
Let v(s) = 2*s**3 - 7*s**2 + 3*s - 3. Let k be v(3). Let p be 3*2/k + 42. Suppose 5*g + 3*j = 7*j + 197, -g + j + p = 0. What is the units digit of g?
7
Let v(o) = -o + 2. Let d = -5 + 7. Let l be v(d). Suppose a + a - 16 = l. What is the units digit of a?
8
Suppose 4*m - 6*m + 2*x + 914 = 0, 0 = 5*x - 25. What is the tens digit of m?
6
Let o(h) = 0*h + 6*h + 4*h**2 + 1 + h. Let k(x) = 3*x**2 + 6*x + 1. Let z(r) = -6*k(r) + 5*o(r). What is the units digit of z(-3)?
0
Let i(n) = 6*n**2 + 4. Let s be i(9). Suppose -5*d + 4*b + s = 0, -2*d + 44 = 5*b - 152. What is the units digit of d?
8
Let x = -65 + 63. What is the tens digit of x/((-166)/164 - -1)?
6
Let g(d) = -d**3 - 13*d**2 + 29*d + 8. Let x(o) = -o**3 + 2*o**2 - o - 15. Let k be x(0). What is the units digit of g(k)?
3
Suppose 3*h + 10 = h. Let s(m) = -m**2 - 3*m - 7. Let v be s(h). Let c = 20 + v. What is the units digit of c?
3
What is the units digit of (0 - -10) + -6 + 2422?
6
Let a be (-2 - -7)*(-2)/20*-8. Suppose -5*k + a*k + 85 = 0. What is the tens digit of k?
8
Let k = 1212 - 704. What is the units digit of k?
8
Suppose 0 = -3*r - u + 10, r + 5*u = 2*u - 2. Suppose 2 = 3*w - r. What is the tens digit of (0 - 0) + 46/w?
2
Suppose -345 = -5*g + 845. Let k = g + -126. What is the hundreds digit of k?
1
Let f be 4 + -1 + (-225)/(-9). Let y = f - 28. Suppose 177 = 3*j - y*j. What is the tens digit of j?
5
Let f(c) = c**2 + 3*c + 29. Let a be f(-19). Let t = 558 - a. What is the hundreds digit of t?
2
Let i = 35 + -25. What is the tens digit of (272/(-10))/(i/(-50))?
3
Let o(b) = 10*b**2 + 3. Suppose p - 6*p = 10. What is the tens digit of o(p)?
4
Let r(l) = -11*l - 1. Let y be r(-1). Let v(a) = -y + a - a**2 - 6*a - 5*a. What is the units digit of v(-8)?
6
Suppose 3*p - 1170 = -2*p. What is the tens digit of (p/(-15))/(3/(-10))?
5
What is the tens digit of -10*9/((-180)/2572)?
8
Let t(u) be the second derivative of -u**3/6 - u**2 - 10*u. Let a be t(-7). What is the tens digit of ((-84)/(-15))/(2/a)?
1
Let c(d) = -5*d - 3. Suppose m = 3*r - 12, 4*m + r - 5*r = -24. Let x be c(m). Suppose -g - 1 = -4*f - x, -5*g + 55 = -4*f. What is the units digit of g?
1
Let k = -12 - -12. Suppose 0 = -2*h - k*h - 214. What is the units digit of (h + 2)*(-3)/9?
5
Let y(o) = 9*o**3 - 5*o - 10. What is the hundreds digit of y(3)?
2
Let a(b) = b + 23*b**2 + 14*b**2 - 3*b. Let c be a(1). Suppose -4*i + 124 = 4*y, 0 = y + 5*i - 12 - c. What is the tens digit of y?
2
Let p = 386 - 171. What is the tens digit of p?
1
Suppose -3*t = 2*t. Suppose -3*l + 15 = 0, t = -r + 2*l - 5*l + 65. What is the tens digit of r?
5
Let y(v) = 45*v - 306. What is the hundreds digit of y(28)?
9
Let z(u) = -u + 6. Let t be z(7). Let l(o) = -14 + 2*o**2 + 14 + o - 18*o**3. What is the units digit of l(t)?
9
Let z = 17 + -5. Let s = 5 - z. Let t(h) = h**2 + 5*h + 9. What is the units digit of t(s)?
3
Suppose -5*w + 5*m = 35, 5*w + m = -m. Let l(z) = -6*z**3 - 4*z**2 + z + 6. What is the tens digit of l(w)?
3
Let c(f) = -2*f**3 + 2*f**2 - f - 1. Let y be c(-2). Let x = y - 45. Let u = 28 + x. What is the units digit of u?
8
Let s = 157 + 883. What is the hundreds digit of s?
0
Let y be (0/3 + 3)/(-2 + 3). What is the hundreds digit of (-185)/((y/(-9))/(8/24))?
1
Suppose q + 3*a = -2 - 0, -4*q = -5*a + 25. Let p = -289 + 311. What is the units digit of p + (-12)/(q + 1)?
5
Suppose 2*c - 4 = 0, 4*f - 7199 = -3*c + 1879. What is the thousands digit of f?
2
Suppose -4*i - 105 = -b, 541 = 8*b - 3*b - 4*i. What is the tens digit of b?
0
Let i(s) = 2*s + 1. Let x be i(1). Suppose 0 = -c + 5*o + 13, -x*o + 4*o = -c + 1. What is the units digit of c?
3
Let b(d) = -114*d - 37. What is the units digit of b(-1)?
7
Let o(x) = 39*x**2 + 28*x + 16. What is the units digit of o(-4)?
8
Let x(q) = 3*q**3 - 20*q**2 - 8*q + 4. What is the units digit of x(11)?
9
Suppose o + 614 - 1805 = 0. What is the hundreds digit of o?
1
Suppose 11*g - 8844 = 11814. What is the units digit of g?
8
Let d(o) = o**2 + 2*o - 4. Suppose 2*i + 11 = -y, 4*i - 5*y + 1 = -0. Let s be d(i). Let f(h) = 7*h - 5. What is the tens digit of f(s)?
2
Suppose 2*d - 84*m - 828 = -88*m, -3*d + 4*m + 1222 = 0. What is the hundreds digit of d?
4
Let g(m) = m**3 + 24*m**2 + 40*m - 45. What is the hundreds digit of g(-20)?
7
Suppose 0 = -6*v + 3*v + 30. Suppose -j + 54 = 3*a, a - 3 - v = -2*j. Suppose 2*p - a - 27 = 0. What is the units digit of p?
3
Suppose 915 = 5*x - 835. Suppose 4*q + 16 = 0, -4*t + t + 4*q = x. Let h = -82 - t. What is the tens digit of h?
4
Let d(h) = 23 - 40 + 23 - 7*h. What is the tens digit of d(-10)?
7
Let l(u) = -u**2 - 7*u + 16. Let g be l(-8). Suppose 6*i = g*i - 16. Let o(c) = c**2 - 2*c + 10. What is the units digit of o(i)?
8
Let w(p) = p**3 - 11*p**2 + 9*p + 12. Let s = 31 - 21. What is the units digit of w(s)?
2
Let b(y) = -5*y**3 + 2*y**2 - 3*y + 37. What is the tens digit of b(-5)?
2
Let f(u) be the third derivative of u**5/120 + 5*u**4/24 - u**3/2 + 3*u**2. Let r(v) be the first derivative of f(v). What is the units digit of r(-4)?
1
What is the units digit of (-7)/4*(3 + -139 + 0)?
8
Suppose 3*p + 1285 = -4*k + 5034, -5*p + 6283 = -2*k. What is the hundreds digit of p?
2
Suppose 0*o - o - 2 = 0. Let z be (-1)/o*-2 - -1. Let w = z - -2. What is the units digit of w?
2
Let b be 2 + -3 + 1 + 4 + 0. Suppose 0 = q + b*q - 180. What is the tens digit of q?
3
Let j(q) = 24*q**2 - 22*q - q**3 + 0*q**3 - 31*q - 49*q**2 - 56. What is the hundreds digit of j(-23)?
1
Suppose 11*s - 16*s + 1125 = 0. Let z = s - 115. What is the hundreds digit of z?
1
Suppose -3*s - 1523 = -5*v - 0*s, 0 = -5*v - 2*s + 1518. Suppose 2*o + 1493 = 5*k, -8*o = k - 3*o - v. What is the hundreds digit of k?
2
Let b = 53 + -19. 